 + 74. Let l(i) = i**2 - 2*i**2 - 116 + 57*i + 20*i - 47*i. Calculate the remainder when w is divided by l(5).
1
Let q(l) = -l**2 - 5*l - 16. Let t(g) = 6*g**2 - g. Let f be t(-1). Let i be q(f). Let d = i + 229. What is the remainder when d is divided by 26?
25
Let x(u) = -6*u**2 + 39*u - 9. Let z(r) = 2*r**2 - 2*r. Let a(b) = -x(b) - 4*z(b). What is the remainder when a(-15) is divided by 9?
6
Let j be 6 - 5/(-10)*23438. Calculate the remainder when 220 - 4/(-16)*0 is divided by (-2)/9 - j/(-315).
35
Suppose -5*m - 3*g - 145 = -7*m, 0 = -3*m + 2*g + 210. Let y = 12097 - 12082. What is the remainder when m is divided by y?
8
Suppose 0 = 383*s + 117*s - 200000. What is the remainder when s is divided by (23 + 3)/(1*2)?
10
Suppose -369*d = -91*d - 235188. Calculate the remainder when d is divided by 278.
12
Calculate the remainder when 9 + (2581/3 - (-20)/(-6)) is divided by 303.
260
Let o(v) = -v**3 - 12*v**2 - 2*v - 36. Let s be o(-12). Calculate the remainder when (0 - (-20 - 1)) + s/(-4) is divided by 6.
0
Let g = -2997 + 4058. Calculate the remainder when g is divided by 38.
35
Suppose 3*v + a = -52 + 14, 0 = -5*a + 5. Let d be (2/3)/((-4)/42). Let c = d - v. What is the remainder when 29 is divided by c?
5
Suppose 56*u - 60*u - o + 129 = 0, 5*u - 2*o - 171 = 0. What is the remainder when 50554 is divided by u?
31
Let m = -79 - -304. What is the remainder when m is divided by 6*(-8)/(-32)*8?
9
Let t(k) = 34*k**3 + 3*k**2 - 7*k + 7. Let o be t(2). Let z = 312 - o. What is the remainder when z is divided by 12?
11
Let r(j) = -2*j**2 - 59*j + 48. Calculate the remainder when 375 is divided by r(-30).
15
Calculate the remainder when 204 is divided by 98 - -4*(-14)/(-28).
4
Suppose 3*h = -2*s + 278, -2*s - 2*h + 378 = 106. What is the remainder when 140 is divided by s?
10
Let k(y) = -8*y - 12. Suppose 1687 + 245 = 49*o + 21. What is the remainder when o is divided by k(-4)?
19
Let l be (-6)/33 - (-662)/11. Suppose l = -0*z - 5*z. Let f(d) = -d**2 - 15*d - 8. What is the remainder when 53 is divided by f(z)?
25
Let d(y) = -872*y + 2705. Suppose w = 4*v - 8, 2*v + 5*w - 35 = -3*v. Calculate the remainder when d(3) is divided by v.
2
Let j = 695 + -642. Let r(w) = -2*w**2 + 30*w - 10. Calculate the remainder when j is divided by r(14).
17
Let g = 2495 + -2172. Calculate the remainder when g is divided by 21.
8
Let o(g) = -2*g - 9. Let w(l) = l**3 + 12*l**2 + 23*l + 19. Let f be w(-10). What is the remainder when o(f) is divided by 3?
1
Calculate the remainder when 22/(-6) - 62624/(-228) is divided by 147.
124
Suppose 46*i + 25 = 51*i. Suppose 5*b = i*z - 40, -21 = -2*z + 4*b + 3. Suppose -9*y + z*y = -205. Calculate the remainder when y is divided by 6.
5
Suppose -63 = -3*h - 4*b - 23, 5*h = -2*b + 48. Suppose -28 = -2*n + h. What is the remainder when n is divided by 39/(-6)*12/(-6)?
5
Let c(m) = 29*m**2 - 6*m + 13. Let v be c(3). Suppose -10*g = -2*g - v. What is the remainder when 63 is divided by g?
31
Suppose 117*h - 40053 = 100*h - 152*h. Calculate the remainder when h is divided by 24.
21
Suppose f = 3*s - 2*f - 60, 5*f - 40 = -2*s. Suppose -9864*w + 9866*w + 18 = 0, 1127 = 2*d - w. What is the remainder when d is divided by s?
19
Let j(p) = 2*p + 248. Let c be j(-49). Suppose -6*g + 144 = -c. Suppose 3*x - 3*o = 42, 5*x - x - 77 = -3*o. What is the remainder when g is divided by x?
15
Suppose 5*g - 41 + 168 = 4*z, 112 = -4*g - 2*z. Let d = -19 - g. What is the remainder when 423 is divided by d?
7
Let m(i) = -2*i**2 + i - 7. Let f be m(-3). Let p be (-8)/(-24) - (1 - f/(-6)). Calculate the remainder when 45 is divided by 25 + 7 + -4 - p.
21
Let d = 7190 + -6156. Calculate the remainder when d is divided by 212.
186
Let k(p) = -p**3 - 4*p**2 - 13*p + 30. What is the remainder when 227 is divided by k(-5)?
107
Let u(a) be the third derivative of -a**6/120 + a**4/12 + a**3/3 - 2*a**2. Calculate the remainder when u(-2) is divided by (-13482)/(-3339) + 2/(-53).
2
Let q = 4 - 2. Suppose 4*z = -2*d + 3*d - q, d + 4*z = 34. What is the remainder when 141 is divided by d?
15
Suppose -3*d = -m - 796, 772*d + 3*m + 1053 = 776*d. Calculate the remainder when 2390 is divided by d.
254
Suppose 3*b + 29 = x + 121, -x - 59 = -2*b. What is the remainder when 343 is divided by b?
13
Calculate the remainder when 2405 is divided by 5 - (-2)/(((-2)/(-10))/((-24)/(-40))).
7
Let q be -2 + (24 - 6/(-3)). Suppose -q*o + 4658 + 2326 = 0. What is the remainder when o is divided by 61?
47
Let g = -3433 - -4632. Calculate the remainder when g is divided by 120.
119
Suppose -21 - 11 = -4*h, 3*o + h - 11297 = 0. Calculate the remainder when o is divided by 4.
3
Suppose 3*l + 13 = 124. Suppose d - 4 + l = 0. Let c = d + 43. What is the remainder when 19 is divided by c?
9
Let r(x) = 3*x**2 - 525*x - 5426. What is the remainder when 4701 is divided by r(-10)?
113
Suppose -27*t + 129 = -0 - 87. Let q(h) = -38*h + 5. Calculate the remainder when q(-4) is divided by t.
5
What is the remainder when 12 - 3 - (-4 + -393) is divided by 10?
6
Let x(s) = -s**3 - 21*s**2 - 58*s - 32. Calculate the remainder when 53 is divided by x(-18).
13
Let z(v) = 28*v**2 - 114*v + 13. Calculate the remainder when 92 is divided by z(4).
2
Let d(z) be the second derivative of -4/3*z**3 + 0 + 3/2*z**2 - 1/4*z**4 + 1/20*z**5 + 7*z. Calculate the remainder when 61 is divided by d(5).
9
Let p = 3707 - 3679. Suppose 17*h - 16*h - 62 = 0. Calculate the remainder when h is divided by p.
6
Let k(r) = 22*r + 20 - 50 + 3 - 43 - 10*r. Calculate the remainder when 856 is divided by k(13).
82
Suppose -2*m - 96 + 282 = 0. Suppose 2*y + 535 = -169. Let n = 384 + y. Calculate the remainder when m is divided by n.
29
Calculate the remainder when 122 is divided by -4*(231/(-2))/21.
12
Suppose -3*g + 5*j - 5851 = -5*g, -g + 2921 = -2*j. Calculate the remainder when g is divided by 17.
16
Let r(m) = 78*m**2 + 4*m - 4. Let t be r(4). Suppose 0 = -65*y + 50*y + t. Calculate the remainder when y is divided by 17.
16
Calculate the remainder when -2426*((-118)/44 - ((-360)/(-132))/(-15)) is divided by 82.
79
Let u(b) = b**2 - 7*b - 8. Let r be u(-9). Let l = r + -95. Calculate the remainder when l is divided by 4.
1
Suppose 0 = 444*h - 439*h - 3*l - 8130, -3236 = -2*h - 2*l. Calculate the remainder when h is divided by 541.
0
Let f(c) = c**3 + 39*c**2 - 681*c - 249. What is the remainder when 1285 is divided by f(-52)?
9
Suppose -4*l = b - 4*b + 16, -b - 1 = 5*l. Suppose b = -3*q + 106. Let o(c) = -c**2 - 6*c + 82. What is the remainder when q is divided by o(-12)?
4
Let p(l) = -l**2 + 33*l + 122. Calculate the remainder when 1267 is divided by p(36).
7
Let r = -290 + 283. Calculate the remainder when 26 is divided by (-5 - r) + 17 + 0.
7
Let w = -11 + 15. Suppose 6*l + w*x - 288 = 2*l, -4*l = -3*x - 288. Calculate the remainder when l + -5 + (0 - -1) is divided by 7.
5
Suppose 2*b - 326 = 5*h, 5*b - 517 = 2*h + 340. Let f = 179 - b. What is the remainder when 27 is divided by f?
3
Suppose -13*d + 3909 + 2656 = 0. Calculate the remainder when d is divided by 63.
1
Suppose -9*w = 3*n - 6*w - 33, -5*w = 4*n - 48. What is the remainder when 143 is divided by (108/n)/2 + 18/63?
7
Suppose -35562 = -4*m - 154*m + 16262. What is the remainder when m is divided by 168?
160
Suppose 7*p = 2*a + 1939, 0 = p + a - 2*a - 277. Calculate the remainder when p is divided by 26.
17
Let g(t) = t**3 - 13*t**2 + 26*t - 137. Suppose -349 = -4*a - 17. Calculate the remainder when a is divided by g(12).
21
Let s(d) = -953*d - 6443. Calculate the remainder when 17327 is divided by s(-7).
227
Let d(r) = 11*r**2 + 8*r - 12. Let o be d(4). Let s = o - 97. Suppose 3*c - s = -6*c. What is the remainder when 52 is divided by c?
8
Let f(h) = -7*h**2 - 3*h. Let y be f(3). Let c = y - -72. Suppose c = -3*l + 5*m + 35, l - 2 = m + 13. Calculate the remainder when 54 is divided by l.
14
Let r(d) = 855*d**2 + 606*d - 1. Calculate the remainder when r(-1) is divided by 17.
10
Suppose -106*p = -119*p + 845. Calculate the remainder when 3052 is divided by p.
62
Let h(s) = 9*s - 190. Let c(g) = g - 7. Let i(k) = 6. Let r(a) = 5*c(a) + 6*i(a). Calculate the remainder when r(6) is divided by h(22).
7
Suppose -q - 3*g + 53 = 57, -q - 19 = 6*g. Let j = 25 + 